2. Let y be n(10). Suppose 5*k = w + 3*k + 10, -5 = 3*w - k. Suppose w = 5*j + 63 - y. What is the tens digit of j?
6
Suppose 4*w - 5*y = -2*y + 319, 0 = -4*w - 4*y + 312. Suppose 8*z - 481 = w. What is the units digit of z?
0
Suppose -1464*q + 52722 = -1461*q. What is the ten thousands digit of q?
1
Let r(k) = -72*k**3 + 6*k**2 - 20*k + 86. Let d(i) = 14*i**3 - i**2 + 4*i - 17. Let l(q) = -11*d(q) - 2*r(q). What is the thousands digit of l(-5)?
1
Let j(c) = -c**3 - c**2 - 1. Let s(a) = -2*a**3 - 9*a**2 - 14*a + 9. Let u(m) = 4*j(m) - s(m). Let d be u(6). Let z = d - -256. What is the tens digit of z?
7
Let h(x) = 4*x**2 + 5*x - 5. Let s be h(1). Suppose -5*t + s*a + 1493 = 0, -3*t + 251 = -3*a - 646. What is the hundreds digit of t?
2
Suppose 5*w + 5*p = 10*p + 16470, 4*w = 5*p + 13170. What is the hundreds digit of w?
3
Let k(p) = -2*p**2 - 5*p - 7. Let i be k(-9). Let a = i + 136. What is the tens digit of a*((-683)/(-60) - (-2)/(-15))?
3
Let y(a) = 87 + 93 + 91 + 25*a - 66. What is the hundreds digit of y(7)?
3
Suppose -34*m + 100 - 32 = 0. Suppose -2*w - 800 = -u - 168, -m*u - 2*w + 1240 = 0. What is the units digit of u?
4
Let b(r) = 4*r**3 + 1 - 4 + 87*r - 87*r + 2*r**2. What is the units digit of b(3)?
3
Suppose 235 - 1006 = 3*n. Let s = -63 - n. Suppose -2*f - 16 = -s. What is the units digit of f?
9
Suppose 0 = 381*a + 1210628 - 2662041 - 1782515. What is the thousands digit of a?
8
Let x(a) = a**3 - 41*a**2 - 41*a - 6. Let n be x(42). Suppose -23*b - 624 = -n*b. What is the units digit of b?
8
Suppose 2*o + 4*i - 3404 = 0, 2*o - 32*i = -34*i + 3400. What is the units digit of o?
8
Let a(o) = o**3 - 5*o**2 - 7*o + 11. Let n be 1 - -1 - (3 + -4 - 95). Let j = n + -91. What is the units digit of a(j)?
0
Suppose 17277 = 12*h + 7089. Suppose s - h = 5*k, s - 884 = k - 3*k. What is the units digit of s?
4
Suppose -4*h - 5 + 1 = 0, c + 4*h - 5 = 0. Suppose c*p + 2*p = 1705. What is the units digit of p?
5
Let h be (-22)/77 + (-79)/(-7) + -1. What is the hundreds digit of (88/(-6))/(((-80)/228)/h)?
4
Suppose 0 = -5*u + 63 + 57. Let w be 6/(u/20) + -3. What is the tens digit of 49 - -5 - 6/w?
5
Let f be (24/(-1))/(-4) - -2. Suppose f = 3*h - 7. Suppose h*z - 80 = -5*u, 3*u = 3*z + 2*u - 52. What is the tens digit of z?
1
Suppose 3*v - 2 - 4 = w, -5*w = -v - 12. Suppose -s + 447 + 664 = -3*n, -v*s - n = -3323. What is the units digit of s?
8
Let z(c) = c**3 - 9*c**2 - 12*c + 22. Let s be z(10). Suppose -5*w - s*l + 2762 = 0, -4*w + l + 3*l = -2204. What is the tens digit of w?
5
Suppose -2*z + 8 = -3*z - 4*u, z + 3*u = -6. Suppose -9*x + x + 40 = z. Suppose x*r = 5*v + 266 + 154, -2*r + 4*v + 178 = 0. What is the units digit of r?
9
Let f be (-39)/26*68/(-6). Suppose 0 = q + 8*m - 3*m + f, -q + 5*m = -33. Let b(s) = -s**2 + 11*s - 15. What is the units digit of b(q)?
9
Suppose 10*i + 12 = 11*i. Let y(m) = m**3 - 11*m**2 - 14*m + 32. Let z be y(i). Suppose -1122 + 74 = -z*f. What is the units digit of f?
1
Suppose 0 = -9*o - 10*o + 8*o + 37334. What is the units digit of o?
4
Suppose 309*t + 591162 = 375*t. What is the tens digit of t?
5
Suppose -39*s - 99 = -36*s. Let a = s - -33. Suppose a = -0*i + 10*i - 840. What is the tens digit of i?
8
Suppose 873*i - 869*i - 10180 = -2*b, 5*i - 5102 = -b. What is the hundreds digit of b?
0
Let m(q) be the second derivative of q**5/20 - 7*q**4/12 + 5*q**3/6 - 6*q**2 + 2*q - 1. What is the units digit of m(8)?
2
Let w(z) = -16132*z**3 + 3*z**2 - 104*z - 106. What is the hundreds digit of w(-1)?
1
Suppose -7*i + 6*i + 27357 = 3*j, 5*i - 136855 = -j. What is the thousands digit of i?
7
Let k(t) = -t**2 - 182*t**3 - 41 + 2*t - 91*t**3 + 39 + 1550*t**3. What is the units digit of k(1)?
6
Let o = -641 - -1775. What is the hundreds digit of o?
1
Suppose 9*l = 3*n + 13*l + 89, 48 = -2*n + 3*l. What is the hundreds digit of ((-5274)/n)/(2/(-9)*-3)?
2
Let b(q) = -q**2 + 16*q - 48. Let o be b(11). Suppose 4*n + 31 = c, o*c + 4*n - 13 = 4*c. What is the tens digit of c?
1
Let o(f) be the third derivative of 29*f**4/6 + 4*f**3 - 57*f**2. What is the units digit of o(3)?
2
Let k = 128 + -203. Let u = k + 527. What is the units digit of u?
2
Suppose -10*w = 71 - 1. Let u be (-1)/2*154/w. Suppose -u*v = -22*v + 1914. What is the hundreds digit of v?
1
Suppose -19 = -2*c + 33. Let h be 2*2 + (-14 - c). Let n = h + 164. What is the hundreds digit of n?
1
Let b(q) = 5*q**2 + 7*q - 4. Let w = 107 + -116. Let i(f) = f**2 + 8*f - 3. Let p be i(w). What is the tens digit of b(p)?
1
Let q(z) = z**3 - 15*z**2 - 17*z - 39. Let n be q(21). Suppose -2*p - n = o - 5*o, 535 = o + 5*p. What is the hundreds digit of o?
5
Suppose -4*a + 5*d + 3582 = 0, 5*a - 6018 = 3*d - 1534. Suppose -11*j + 10*j - 894 = -r, a = r - 3*j. What is the tens digit of r?
9
Suppose 197 = -18*d + 17. What is the units digit of (-2955)/d*(5 + -3)?
1
Let m(i) = i**3 + 13*i**2 + 6*i - 29. Let y be m(-9). Let n(o) = 8*o + y*o**2 - o + o**3 + 41 - 261*o**2. What is the hundreds digit of n(20)?
1
Suppose -1225*g + 1235*g = 264280. What is the hundreds digit of g?
4
Suppose 0 = -7*m + 8 - 1. What is the units digit of -6 + 3 - -237*m?
4
Let o(l) = -l**2 - 4*l + 2. Let y be o(-4). Let v be 891/10 + (357/30 - 12). Suppose -y = -2*h, 2*s - s = 2*h + v. What is the tens digit of s?
9
Suppose -2*j + k + 1055 = 0, 29*j + 5*k - 1037 = 27*j. What is the units digit of j?
6
Let i = 12062 - 873. What is the units digit of i?
9
Let y(w) = -3*w**3 + 14*w**2 + 4*w + 7. Let o be y(5). Suppose 1487 = o*g + 7*x - 12*x, g - 2*x = 742. What is the hundreds digit of g?
7
Suppose -4*c = -5*z - 200, -z - 67 = -c - 4*z. Suppose 4*f + f = -a + 61, 0 = -3*f + 4*a + c. Suppose -546 = 7*l - f*l. What is the units digit of l?
1
Let c = -72 - -4. Let m = c - -88. Suppose -r - 3*d + 248 = m, 0 = -5*r - 2*d + 1088. What is the hundreds digit of r?
2
What is the hundreds digit of (1 - (-82110)/50)*20?
8
Suppose -63*j - 20*j = 5*j - 1425512. What is the thousands digit of j?
6
Let f = 317 - 154. Suppose -2*k + 262 = -3*m + 2*k, m = -2*k - 94. Let l = f + m. What is the units digit of l?
3
Suppose s + 4*s + 36 = 4*m, -3*s + 45 = 5*m. Suppose 872 = -m*z + 4571. Let u = z - 212. What is the tens digit of u?
9
Let n be -1 + ((-99)/6)/((-9)/12). Suppose -n = 8*c - 15*c. Suppose h - c*h + 3*q = -301, -5*h - q + 727 = 0. What is the tens digit of h?
4
Suppose -11*g = -2902 - 233. Suppose -150 - 698 = -2*q. Let f = q - g. What is the tens digit of f?
3
Let t(f) = -f**2 + 44*f + 150. Let c be t(47). Suppose 4*x + 2996 = c*d - 7*d, -d = -4*x - 1500. What is the units digit of d?
6
Suppose -2*k - 2*k - 31 = -r, 3*r - 5*k - 121 = 0. Let n be r - 48 - (-150 + 0 + -1). What is the units digit of n/(-4)*-2 - -2?
7
Let x(b) = -b**2 - 4*b. Let m be x(-2). Suppose -q - 5643 = -m*q. Suppose -3*s = 8*s - q. What is the hundreds digit of s?
1
Let a be (-102)/(-4) + 2/4. Let p = -71 + a. What is the units digit of (-1209)/(-45) - 6/p?
7
Suppose -2*y = n - 8262, 5*y + 41*n - 36*n - 20655 = 0. What is the hundreds digit of y?
1
Suppose -21*n + 4323 = -1893. Suppose 5*s - 4*s - n = 0. What is the hundreds digit of s?
2
Suppose 0 = -2*j + 3*j - 5, -c - 63 = -4*j. Let o = 44 + c. What is the units digit of 157/4 + (6/8 - o)?
9
Suppose -91*x = 3*o - 95*x + 249, 5*o = 5*x - 415. Let s = -133 + 75. Let f = s - o. What is the tens digit of f?
2
Let a be (-2053107)/(-204) + 2/(-8). Suppose 10 - a = -11*p. What is the tens digit of p?
1
Let b(v) = 7*v - 11. Suppose 2*n + 4*s = -6, 0 = -5*n + 3*s + 17 + 20. Suppose 3*z = -2 - 4, n*i - 5*z = 80. What is the units digit of b(i)?
7
Let p(m) = 48*m - 17. Let r be (-9)/(-15) + 399/35. What is the hundreds digit of p(r)?
5
Let b = 400 + -258. Let x be b - 21/6*(-16)/(-14). Suppose 0 = -x*t + 135*t + 576. What is the units digit of t?
2
Let x(y) = -14452*y**3 + 5*y**2 - 4*y - 8. What is the units digit of x(-1)?
3
Suppose 0*m + 20*m - 4720 = 0. Suppose -237*j + 153 = -m*j. What is the hundreds digit of j?
1
Let m(i) = i**3 - 4*i**2 - 16*i - 26. Let o be m(8). What is the tens digit of 1082/3 + (-68)/o?
6
Let l(n) = -n**3 - 3*n + 2. Let p(y) = y**3 - y**2 + 1. Let f(x) = -l(x) - 2*p(x). Let i be f(-3). Suppose 7 = -5*k + i. What is the units digit of k?
5
Let x = 170777 - 117570. Wh